{"id":1017,"date":"2022-05-04T13:17:38","date_gmt":"2022-05-04T17:17:38","guid":{"rendered":"https:\/\/patiotime.loftocean.com\/demo4\/?page_id=1017"},"modified":"2024-09-06T12:53:04","modified_gmt":"2024-09-06T16:53:04","slug":"menus-enfants","status":"publish","type":"page","link":"https:\/\/aupetitcafechezdenise.com\/?page_id=1017","title":{"rendered":"Menus enfants"},"content":{"rendered":"\t\t<div data-elementor-type=\"wp-page\" data-elementor-id=\"1017\" class=\"elementor elementor-1017\">\n\t\t\t\t\t\t<section class=\"elementor-section elementor-top-section elementor-element elementor-element-432f96d elementor-section-full_width elementor-section-height-min-height elementor-section-items-stretch elementor-reverse-mobile elementor-section-height-default\" data-id=\"432f96d\" data-element_type=\"section\">\n\t\t\t\t\t\t<div class=\"elementor-container elementor-column-gap-no\">\n\t\t\t\t\t<div class=\"elementor-column elementor-col-50 elementor-top-column elementor-element elementor-element-d0c09dc\" data-id=\"d0c09dc\" data-element_type=\"column\">\n\t\t\t<div class=\"elementor-widget-wrap elementor-element-populated\">\n\t\t\t\t\t\t<div class=\"elementor-element elementor-element-b13f10c elementor-widget elementor-widget-pt_title\" data-id=\"b13f10c\" data-element_type=\"widget\" data-widget_type=\"pt_title.default\">\n\t\t\t\t<div class=\"elementor-widget-container\">\n\t\t\t\n        <div class=\"pt-title-wrap\">\t            <div class=\"pt-subtitle-wrap\"><span class=\"pt-subtitle color-secondary\">menu enfants<\/span><\/div>\t            <h4 class=\"pt-title color-secondary\">\n\t                Petits d\u00e9jeuners \ud83d\udc23\t            <\/h4>\t            <div class=\"pt-title-text\">\n\t                <p class=\"p1\"><span class=\"s1\"><b>10 ans et moins &#8211; <\/b><\/span><span class=\"s1\">Servi avec petit lait ou jus<\/span><\/p>\t            <\/div>        <\/div>\t\t<\/div>\n\t\t\t\t<\/div>\n\t\t\t\t<div class=\"elementor-element elementor-element-5efbb61 elementor-widget elementor-widget-pt_food_menu\" data-id=\"5efbb61\" data-element_type=\"widget\" data-widget_type=\"pt_food_menu.default\">\n\t\t\t\t<div class=\"elementor-widget-container\">\n\t\t\t            <div class=\"pt-food-menu food-menu-style-1\">                <div class=\"pt-food-menu-item\">                    <div class=\"pt-food-menu-main\">\n                        <div class=\"pt-food-menu-header\">                            <h6 class=\"pt-food-menu-title\">                                <span class=\"title-wrap\">1 \u0153uf\t\t\t\t\t\t\t\t<\/span>                            <\/h6>\n                            <div class=\"pt-food-menu-lines\"><\/div><span class=\"pt-food-menu-price\">5,95<\/span>                        <\/div>                            <p class=\"pt-food-menu-details\">avec bacon ou jambon ou saucisse<\/p>                    <\/div>\n                <\/div>                <div class=\"pt-food-menu-item\">                    <div class=\"pt-food-menu-main\">\n                        <div class=\"pt-food-menu-header\">                            <h6 class=\"pt-food-menu-title\">                                <span class=\"title-wrap\">1 cr\u00eape ou pain dor\u00e9 ou gaufre,\t\t\t\t\t\t\t\t\t<\/span>                            <\/h6>\n                            <div class=\"pt-food-menu-lines\"><\/div><span class=\"pt-food-menu-price\">5,95<\/span>                        <\/div>                            <p class=\"pt-food-menu-details\">avec bacon ou jambon ou saucisse<\/p>                    <\/div>\n                <\/div>                <div class=\"pt-food-menu-item\">                    <div class=\"pt-food-menu-main\">\n                        <div class=\"pt-food-menu-header\">                            <h6 class=\"pt-food-menu-title\">                                <span class=\"title-wrap\">Pain dor\u00e9 (1) ou cr\u00eape ou gaufre\t\t\n\t\t\t\t\t\t\t\t<\/span>                            <\/h6>\n                            <div class=\"pt-food-menu-lines\"><\/div><span class=\"pt-food-menu-price\">6,75<\/span>                        <\/div>                            <p class=\"pt-food-menu-details\"> avec bananes ou fraises et chocolat \n<\/p>                    <\/div>\n                <\/div>                <div class=\"pt-food-menu-item\">                    <div class=\"pt-food-menu-main\">\n                        <div class=\"pt-food-menu-header\">                            <h6 class=\"pt-food-menu-title\">                                <span class=\"title-wrap\">Pain dor\u00e9 (1) ou cr\u00eape ou gaufre \t\t\t\t\t\t\t\t\t<\/span>                            <\/h6>\n                            <div class=\"pt-food-menu-lines\"><\/div><span class=\"pt-food-menu-price\">6,75<\/span>                        <\/div>                            <p class=\"pt-food-menu-details\">avec pommes et caramel\n<\/p>                    <\/div>\n                <\/div>                <div class=\"pt-food-menu-item\">                    <div class=\"pt-food-menu-main\">\n                        <div class=\"pt-food-menu-header\">                            <h6 class=\"pt-food-menu-title\">                                <span class=\"title-wrap\">Omelette deux \u0153ufs\t\t\n\t\t\t\t\t\t\t\t<\/span>                            <\/h6>\n                            <div class=\"pt-food-menu-lines\"><\/div><span class=\"pt-food-menu-price\">6,75<\/span>                        <\/div>                            <p class=\"pt-food-menu-details\">avec bacon ou jambon ou saucisse\net fromage ruban jaune<\/p>                    <\/div>\n                <\/div>            <\/div>\t\t<\/div>\n\t\t\t\t<\/div>\n\t\t\t\t<div class=\"elementor-element elementor-element-255d0bd elementor-widget elementor-widget-pt_food_menu\" data-id=\"255d0bd\" data-element_type=\"widget\" data-widget_type=\"pt_food_menu.default\">\n\t\t\t\t<div class=\"elementor-widget-container\">\n\t\t\t            <div class=\"pt-food-menu food-menu-style-1\">                <div class=\"pt-food-menu-item\">                    <div class=\"pt-food-menu-main\">\n                        <div class=\"pt-food-menu-header\">                            <h6 class=\"pt-food-menu-title\">                                <span class=\"title-wrap\">\u2b50\ufe0f La super sandwich d\u2019Arnaud\n\n\t\t\t\t\t\t\t\t<\/span>                            <\/h6>\n                            <div class=\"pt-food-menu-lines\"><\/div><span class=\"pt-food-menu-price\">6,95 <\/span>                        <\/div>                            <p class=\"pt-food-menu-details\">1 \u0153uf, fromage, tomate, \t\t\nbacon et mayonnaise<\/p>                    <\/div>\n                <\/div>                <div class=\"pt-food-menu-item\">                    <div class=\"pt-food-menu-main\">\n                        <div class=\"pt-food-menu-header\">                            <h6 class=\"pt-food-menu-title\">                                <span class=\"title-wrap\">\u2b50\ufe0f La cr\u00eape d\u2019Ellie-Rose\n\t\t\t\t\t\t\t\t<\/span>                            <\/h6>\n                            <div class=\"pt-food-menu-lines\"><\/div><span class=\"pt-food-menu-price\">7,75 <\/span>                        <\/div>                            <p class=\"pt-food-menu-details\">1 cr\u00eape garnie de fruits frais,\t\narros\u00e9e de caramel ou chocolat<\/p>                    <\/div>\n                <\/div>            <\/div>\t\t<\/div>\n\t\t\t\t<\/div>\n\t\t\t\t\t<\/div>\n\t\t<\/div>\n\t\t\t\t<div class=\"elementor-column elementor-col-50 elementor-top-column elementor-element elementor-element-56a4898\" data-id=\"56a4898\" data-element_type=\"column\" data-settings=\"{&quot;background_background&quot;:&quot;classic&quot;}\">\n\t\t\t<div class=\"elementor-widget-wrap elementor-element-populated\">\n\t\t\t\t\t\t<div class=\"elementor-element elementor-element-a573db4 elementor-widget elementor-widget-spacer\" data-id=\"a573db4\" data-element_type=\"widget\" data-widget_type=\"spacer.default\">\n\t\t\t\t<div class=\"elementor-widget-container\">\n\t\t\t<style>\/*! elementor - v3.20.0 - 26-03-2024 *\/\n.elementor-column .elementor-spacer-inner{height:var(--spacer-size)}.e-con{--container-widget-width:100%}.e-con-inner>.elementor-widget-spacer,.e-con>.elementor-widget-spacer{width:var(--container-widget-width,var(--spacer-size));--align-self:var(--container-widget-align-self,initial);--flex-shrink:0}.e-con-inner>.elementor-widget-spacer>.elementor-widget-container,.e-con>.elementor-widget-spacer>.elementor-widget-container{height:100%;width:100%}.e-con-inner>.elementor-widget-spacer>.elementor-widget-container>.elementor-spacer,.e-con>.elementor-widget-spacer>.elementor-widget-container>.elementor-spacer{height:100%}.e-con-inner>.elementor-widget-spacer>.elementor-widget-container>.elementor-spacer>.elementor-spacer-inner,.e-con>.elementor-widget-spacer>.elementor-widget-container>.elementor-spacer>.elementor-spacer-inner{height:var(--container-widget-height,var(--spacer-size))}.e-con-inner>.elementor-widget-spacer.elementor-widget-empty,.e-con>.elementor-widget-spacer.elementor-widget-empty{position:relative;min-height:22px;min-width:22px}.e-con-inner>.elementor-widget-spacer.elementor-widget-empty .elementor-widget-empty-icon,.e-con>.elementor-widget-spacer.elementor-widget-empty .elementor-widget-empty-icon{position:absolute;top:0;bottom:0;left:0;right:0;margin:auto;padding:0;width:22px;height:22px}<\/style>\t\t<div class=\"elementor-spacer\">\n\t\t\t<div class=\"elementor-spacer-inner\"><\/div>\n\t\t<\/div>\n\t\t\t\t<\/div>\n\t\t\t\t<\/div>\n\t\t\t\t\t<\/div>\n\t\t<\/div>\n\t\t\t\t\t<\/div>\n\t\t<\/section>\n\t\t\t\t<section class=\"elementor-section elementor-top-section elementor-element elementor-element-2221c52 elementor-section-full_width elementor-section-height-min-height elementor-section-items-stretch elementor-section-height-default\" data-id=\"2221c52\" data-element_type=\"section\">\n\t\t\t\t\t\t<div class=\"elementor-container elementor-column-gap-no\">\n\t\t\t\t\t<div class=\"elementor-column elementor-col-50 elementor-top-column elementor-element elementor-element-addb2d9\" data-id=\"addb2d9\" data-element_type=\"column\" data-settings=\"{&quot;background_background&quot;:&quot;classic&quot;}\">\n\t\t\t<div class=\"elementor-widget-wrap elementor-element-populated\">\n\t\t\t\t\t\t<div class=\"elementor-element elementor-element-d81bb0b elementor-widget elementor-widget-spacer\" data-id=\"d81bb0b\" data-element_type=\"widget\" data-widget_type=\"spacer.default\">\n\t\t\t\t<div class=\"elementor-widget-container\">\n\t\t\t\t\t<div class=\"elementor-spacer\">\n\t\t\t<div class=\"elementor-spacer-inner\"><\/div>\n\t\t<\/div>\n\t\t\t\t<\/div>\n\t\t\t\t<\/div>\n\t\t\t\t\t<\/div>\n\t\t<\/div>\n\t\t\t\t<div class=\"elementor-column elementor-col-50 elementor-top-column elementor-element elementor-element-1aff5c5\" data-id=\"1aff5c5\" data-element_type=\"column\">\n\t\t\t<div class=\"elementor-widget-wrap elementor-element-populated\">\n\t\t\t\t\t\t<div class=\"elementor-element elementor-element-c85008c elementor-widget elementor-widget-pt_title\" data-id=\"c85008c\" data-element_type=\"widget\" data-widget_type=\"pt_title.default\">\n\t\t\t\t<div class=\"elementor-widget-container\">\n\t\t\t\n        <div class=\"pt-title-wrap\">\t            <div class=\"pt-subtitle-wrap\"><span class=\"pt-subtitle color-secondary\">menu enfants<\/span><\/div>\t            <h4 class=\"pt-title color-secondary\">\n\t                D\u00eeners \u2600\ufe0f\t            <\/h4>\t            <div class=\"pt-title-text\">\n\t                <p>servi avec petit lait ou jus<\/p>\t            <\/div>        <\/div>\t\t<\/div>\n\t\t\t\t<\/div>\n\t\t\t\t<div class=\"elementor-element elementor-element-4ccf954 elementor-widget elementor-widget-pt_food_menu\" data-id=\"4ccf954\" data-element_type=\"widget\" data-widget_type=\"pt_food_menu.default\">\n\t\t\t\t<div class=\"elementor-widget-container\">\n\t\t\t            <div class=\"pt-food-menu food-menu-style-1\">                <div class=\"pt-food-menu-item\">                    <div class=\"pt-food-menu-main\">\n                        <div class=\"pt-food-menu-header\">                            <h6 class=\"pt-food-menu-title\">                                <span class=\"title-wrap\">Grilled cheese au bacon\n\t\t\t\t\t\t\t\t<\/span>                            <\/h6>\n                            <div class=\"pt-food-menu-lines\"><\/div><span class=\"pt-food-menu-price\">8,95<\/span>                        <\/div>                            <p class=\"pt-food-menu-details\">avec frites<\/p>                    <\/div>\n                <\/div>                <div class=\"pt-food-menu-item\">                    <div class=\"pt-food-menu-main\">\n                        <div class=\"pt-food-menu-header\">                            <h6 class=\"pt-food-menu-title\">                                <span class=\"title-wrap\">Hot chicken\n\n\t\t\t\t\t\t\t\t<\/span>                            <\/h6>\n                            <div class=\"pt-food-menu-lines\"><\/div><span class=\"pt-food-menu-price\">8,95<\/span>                        <\/div>                            <p class=\"pt-food-menu-details\">avec frites\n<\/p>                    <\/div>\n                <\/div>                <div class=\"pt-food-menu-item\">                    <div class=\"pt-food-menu-main\">\n                        <div class=\"pt-food-menu-header\">                            <h6 class=\"pt-food-menu-title\">                                <span class=\"title-wrap\">Croque madame\n\t\t\t\t\t\t\t\t<\/span>                            <\/h6>\n                            <div class=\"pt-food-menu-lines\"><\/div><span class=\"pt-food-menu-price\">8,95<\/span>                        <\/div>                            <p class=\"pt-food-menu-details\">Sandwich jambon et fromage avec frites\n<\/p>                    <\/div>\n                <\/div>                <div class=\"pt-food-menu-item\">                    <div class=\"pt-food-menu-main\">\n                        <div class=\"pt-food-menu-header\">                            <h6 class=\"pt-food-menu-title\">                                <span class=\"title-wrap\">P\u00e2te ros\u00e9e ou carbonara\n\t\t\t\t\t\t\t\t<\/span>                            <\/h6>\n                            <div class=\"pt-food-menu-lines\"><\/div><span class=\"pt-food-menu-price\">8,95<\/span>                        <\/div>                    <\/div>\n                <\/div>            <\/div>\t\t<\/div>\n\t\t\t\t<\/div>\n\t\t\t\t\t<\/div>\n\t\t<\/div>\n\t\t\t\t\t<\/div>\n\t\t<\/section>\n\t\t\t\t<\/div>\n\t\t","protected":false},"excerpt":{"rendered":"<p>menu enfants Petits d\u00e9jeuners \ud83d\udc23 10 ans et moins &#8211; Servi avec petit lait ou jus 1 \u0153uf 5,95 avec bacon ou jambon ou saucisse 1 cr\u00eape ou pain dor\u00e9 ou gaufre, 5,95 avec bacon ou jambon ou saucisse Pain dor\u00e9 (1) ou cr\u00eape ou gaufre 6,75 avec bananes ou fraises et chocolat Pain dor\u00e9 &#8230;<\/p>\n","protected":false},"author":2,"featured_media":0,"parent":0,"menu_order":0,"comment_status":"closed","ping_status":"closed","template":"template-wide-content.php","meta":{"patiotime_single_page_hide_site_header":"","patiotime_single_page_site_header_source":"","patiotime_single_page_custom_site_header":"0","patiotime_single_page_custom_sticky_site_header":"0","patiotime_single_page_hide_page_title":"on","patiotime_single_page_header_section_size":"","patiotime_single_page_header_background_color":"","patiotime_single_page_header_background_position_x":"center","patiotime_single_page_header_background_position_y":"center","patiotime_single_page_header_background_size":"cover","patiotime_single_page_header_background_repeat":"off","patiotime_single_page_header_background_scroll":"on","patiotime_single_page_header_text_color":"","patiotime_single_page_header_show_breadcrumb":"","patiotime_single_page_site_footer_hide_main":"","patiotime_single_custom_site_footer_main_source":"","patiotime_single_custom_site_footer_main":"0","patiotime_single_page_site_footer_hide_above":"","patiotime_single_custom_site_footer_above_source":"","patiotime_single_custom_site_footer_above":"0","patiotime_single_page_site_footer_hide_instagram":"","patiotime_single_page_site_footer_hide_bottom":"","patiotime_single_custom_mobile_menu_source":"","patiotime_single_custom_mobile_menu":"0","patiotime_single_custom_mobile_menu_animation":"","patiotime_single_custom_mobile_menu_width":"","patiotime_single_custom_mobile_menu_custom_width":375,"footnotes":""},"class_list":["post-1017","page","type-page","status-publish","hentry"],"yoast_head":"<!-- This site is optimized with the Yoast SEO plugin v27.5 - https:\/\/yoast.com\/product\/yoast-seo-wordpress\/ -->\n<title>Menus enfants - Restaurant au petit caf\u00e9 chez Denise<\/title>\n<meta name=\"robots\" content=\"index, follow, max-snippet:-1, max-image-preview:large, max-video-preview:-1\" \/>\n<link rel=\"canonical\" href=\"https:\/\/aupetitcafechezdenise.com\/?page_id=1017\" \/>\n<meta property=\"og:locale\" content=\"en_GB\" \/>\n<meta property=\"og:type\" content=\"article\" \/>\n<meta property=\"og:title\" content=\"Menus enfants - Restaurant au petit caf\u00e9 chez Denise\" \/>\n<meta property=\"og:description\" content=\"menu enfants Petits d\u00e9jeuners \ud83d\udc23 10 ans et moins &#8211; Servi avec petit lait ou jus 1 \u0153uf 5,95 avec bacon ou jambon ou saucisse 1 cr\u00eape ou pain dor\u00e9 ou gaufre, 5,95 avec bacon ou jambon ou saucisse Pain dor\u00e9 (1) ou cr\u00eape ou gaufre 6,75 avec bananes ou fraises et chocolat Pain dor\u00e9 ...\" \/>\n<meta property=\"og:url\" content=\"https:\/\/aupetitcafechezdenise.com\/?page_id=1017\" \/>\n<meta property=\"og:site_name\" content=\"Restaurant au petit caf\u00e9 chez Denise\" \/>\n<meta property=\"article:modified_time\" content=\"2024-09-06T16:53:04+00:00\" \/>\n<meta name=\"twitter:card\" content=\"summary_large_image\" \/>\n<meta name=\"twitter:label1\" content=\"Estimated reading time\" \/>\n\t<meta name=\"twitter:data1\" content=\"1 minute\" \/>\n<script type=\"application\/ld+json\" class=\"yoast-schema-graph\">{\"@context\":\"https:\\\/\\\/schema.org\",\"@graph\":[{\"@type\":\"WebPage\",\"@id\":\"https:\\\/\\\/aupetitcafechezdenise.com\\\/?page_id=1017\",\"url\":\"https:\\\/\\\/aupetitcafechezdenise.com\\\/?page_id=1017\",\"name\":\"Menus enfants - Restaurant au petit caf\u00e9 chez Denise\",\"isPartOf\":{\"@id\":\"https:\\\/\\\/aupetitcafechezdenise.com\\\/#website\"},\"datePublished\":\"2022-05-04T17:17:38+00:00\",\"dateModified\":\"2024-09-06T16:53:04+00:00\",\"breadcrumb\":{\"@id\":\"https:\\\/\\\/aupetitcafechezdenise.com\\\/?page_id=1017#breadcrumb\"},\"inLanguage\":\"en-GB\",\"potentialAction\":[{\"@type\":\"ReadAction\",\"target\":[\"https:\\\/\\\/aupetitcafechezdenise.com\\\/?page_id=1017\"]}]},{\"@type\":\"BreadcrumbList\",\"@id\":\"https:\\\/\\\/aupetitcafechezdenise.com\\\/?page_id=1017#breadcrumb\",\"itemListElement\":[{\"@type\":\"ListItem\",\"position\":1,\"name\":\"Accueil\",\"item\":\"https:\\\/\\\/aupetitcafechezdenise.com\\\/\"},{\"@type\":\"ListItem\",\"position\":2,\"name\":\"Menus enfants\"}]},{\"@type\":\"WebSite\",\"@id\":\"https:\\\/\\\/aupetitcafechezdenise.com\\\/#website\",\"url\":\"https:\\\/\\\/aupetitcafechezdenise.com\\\/\",\"name\":\"Restaurant au petit caf\u00e9 chez Denise\",\"description\":\"\",\"publisher\":{\"@id\":\"https:\\\/\\\/aupetitcafechezdenise.com\\\/#organization\"},\"potentialAction\":[{\"@type\":\"SearchAction\",\"target\":{\"@type\":\"EntryPoint\",\"urlTemplate\":\"https:\\\/\\\/aupetitcafechezdenise.com\\\/?s={search_term_string}\"},\"query-input\":{\"@type\":\"PropertyValueSpecification\",\"valueRequired\":true,\"valueName\":\"search_term_string\"}}],\"inLanguage\":\"en-GB\"},{\"@type\":\"Organization\",\"@id\":\"https:\\\/\\\/aupetitcafechezdenise.com\\\/#organization\",\"name\":\"Restaurant au petit caf\u00e9 chez Denise\",\"url\":\"https:\\\/\\\/aupetitcafechezdenise.com\\\/\",\"logo\":{\"@type\":\"ImageObject\",\"inLanguage\":\"en-GB\",\"@id\":\"https:\\\/\\\/aupetitcafechezdenise.com\\\/#\\\/schema\\\/logo\\\/image\\\/\",\"url\":\"https:\\\/\\\/aupetitcafechezdenise.com\\\/wp-content\\\/uploads\\\/2023\\\/02\\\/Petit_cafe_chez_Denise_Logo_renverse-1.png\",\"contentUrl\":\"https:\\\/\\\/aupetitcafechezdenise.com\\\/wp-content\\\/uploads\\\/2023\\\/02\\\/Petit_cafe_chez_Denise_Logo_renverse-1.png\",\"width\":964,\"height\":362,\"caption\":\"Restaurant au petit caf\u00e9 chez Denise\"},\"image\":{\"@id\":\"https:\\\/\\\/aupetitcafechezdenise.com\\\/#\\\/schema\\\/logo\\\/image\\\/\"}}]}<\/script>\n<!-- \/ Yoast SEO plugin. -->","yoast_head_json":{"title":"Menus enfants - Restaurant au petit caf\u00e9 chez Denise","robots":{"index":"index","follow":"follow","max-snippet":"max-snippet:-1","max-image-preview":"max-image-preview:large","max-video-preview":"max-video-preview:-1"},"canonical":"https:\/\/aupetitcafechezdenise.com\/?page_id=1017","og_locale":"en_GB","og_type":"article","og_title":"Menus enfants - Restaurant au petit caf\u00e9 chez Denise","og_description":"menu enfants Petits d\u00e9jeuners \ud83d\udc23 10 ans et moins &#8211; Servi avec petit lait ou jus 1 \u0153uf 5,95 avec bacon ou jambon ou saucisse 1 cr\u00eape ou pain dor\u00e9 ou gaufre, 5,95 avec bacon ou jambon ou saucisse Pain dor\u00e9 (1) ou cr\u00eape ou gaufre 6,75 avec bananes ou fraises et chocolat Pain dor\u00e9 ...","og_url":"https:\/\/aupetitcafechezdenise.com\/?page_id=1017","og_site_name":"Restaurant au petit caf\u00e9 chez Denise","article_modified_time":"2024-09-06T16:53:04+00:00","twitter_card":"summary_large_image","twitter_misc":{"Estimated reading time":"1 minute"},"schema":{"@context":"https:\/\/schema.org","@graph":[{"@type":"WebPage","@id":"https:\/\/aupetitcafechezdenise.com\/?page_id=1017","url":"https:\/\/aupetitcafechezdenise.com\/?page_id=1017","name":"Menus enfants - Restaurant au petit caf\u00e9 chez Denise","isPartOf":{"@id":"https:\/\/aupetitcafechezdenise.com\/#website"},"datePublished":"2022-05-04T17:17:38+00:00","dateModified":"2024-09-06T16:53:04+00:00","breadcrumb":{"@id":"https:\/\/aupetitcafechezdenise.com\/?page_id=1017#breadcrumb"},"inLanguage":"en-GB","potentialAction":[{"@type":"ReadAction","target":["https:\/\/aupetitcafechezdenise.com\/?page_id=1017"]}]},{"@type":"BreadcrumbList","@id":"https:\/\/aupetitcafechezdenise.com\/?page_id=1017#breadcrumb","itemListElement":[{"@type":"ListItem","position":1,"name":"Accueil","item":"https:\/\/aupetitcafechezdenise.com\/"},{"@type":"ListItem","position":2,"name":"Menus enfants"}]},{"@type":"WebSite","@id":"https:\/\/aupetitcafechezdenise.com\/#website","url":"https:\/\/aupetitcafechezdenise.com\/","name":"Restaurant au petit caf\u00e9 chez Denise","description":"","publisher":{"@id":"https:\/\/aupetitcafechezdenise.com\/#organization"},"potentialAction":[{"@type":"SearchAction","target":{"@type":"EntryPoint","urlTemplate":"https:\/\/aupetitcafechezdenise.com\/?s={search_term_string}"},"query-input":{"@type":"PropertyValueSpecification","valueRequired":true,"valueName":"search_term_string"}}],"inLanguage":"en-GB"},{"@type":"Organization","@id":"https:\/\/aupetitcafechezdenise.com\/#organization","name":"Restaurant au petit caf\u00e9 chez Denise","url":"https:\/\/aupetitcafechezdenise.com\/","logo":{"@type":"ImageObject","inLanguage":"en-GB","@id":"https:\/\/aupetitcafechezdenise.com\/#\/schema\/logo\/image\/","url":"https:\/\/aupetitcafechezdenise.com\/wp-content\/uploads\/2023\/02\/Petit_cafe_chez_Denise_Logo_renverse-1.png","contentUrl":"https:\/\/aupetitcafechezdenise.com\/wp-content\/uploads\/2023\/02\/Petit_cafe_chez_Denise_Logo_renverse-1.png","width":964,"height":362,"caption":"Restaurant au petit caf\u00e9 chez Denise"},"image":{"@id":"https:\/\/aupetitcafechezdenise.com\/#\/schema\/logo\/image\/"}}]}},"_links":{"self":[{"href":"https:\/\/aupetitcafechezdenise.com\/index.php?rest_route=\/wp\/v2\/pages\/1017","targetHints":{"allow":["GET"]}}],"collection":[{"href":"https:\/\/aupetitcafechezdenise.com\/index.php?rest_route=\/wp\/v2\/pages"}],"about":[{"href":"https:\/\/aupetitcafechezdenise.com\/index.php?rest_route=\/wp\/v2\/types\/page"}],"author":[{"embeddable":true,"href":"https:\/\/aupetitcafechezdenise.com\/index.php?rest_route=\/wp\/v2\/users\/2"}],"replies":[{"embeddable":true,"href":"https:\/\/aupetitcafechezdenise.com\/index.php?rest_route=%2Fwp%2Fv2%2Fcomments&post=1017"}],"version-history":[{"count":39,"href":"https:\/\/aupetitcafechezdenise.com\/index.php?rest_route=\/wp\/v2\/pages\/1017\/revisions"}],"predecessor-version":[{"id":4286,"href":"https:\/\/aupetitcafechezdenise.com\/index.php?rest_route=\/wp\/v2\/pages\/1017\/revisions\/4286"}],"wp:attachment":[{"href":"https:\/\/aupetitcafechezdenise.com\/index.php?rest_route=%2Fwp%2Fv2%2Fmedia&parent=1017"}],"curies":[{"name":"wp","href":"https:\/\/api.w.org\/{rel}","templated":true}]}}